p**4/12 + 3*p**2. Let z(w) = -w**2 - 5*w - 6. Let k = 17 - 21. Let u be z(k). Determine d(u).
0
Let u(f) be the third derivative of f**5/60 - 7*f**4/24 + f**3 + 5*f**2. Let k be ((-20)/(-3))/4*3. Suppose 2*p + 0*i + i = 6, -k*i - 10 = 0. Calculate u(p).
-6
Let s(h) = 3*h**3 - 9*h**2 + 9*h + 4. Let b = -21 - -16. Let z(w) = w**3 - 4*w**2 + 4*w + 2. Let c(g) = b*z(g) + 2*s(g). Determine c(-2).
2
Let s = 84 + -87. Let n be (-10)/3 - (-4)/(-6). Let d(x) = -x**3 + 8*x**2 - 6*x. Let k(i) = i**3 - 9*i**2 + 7*i + 1. Let y(u) = n*d(u) + s*k(u). Give y(4).
-7
Let u be -1 - -10 - 10 - -3. Let v(j) = -19*j + 1. Give v(u).
-37
Let s(v) = v + 11. Let m(k) = 2*k - 32. Let b be m(12). Let w = 1 + b. Calculate s(w).
4
Suppose l - 25 = 6*l, -5*l = -3*t + 40. Suppose -q = 5*q - 30. Let f(a) = -2 + 4*a + 4*a - q*a. What is f(t)?
13
Suppose -5*g = 2*o - 101 + 36, 0 = -3*g - 3*o + 30. Suppose 2*t - 7*t + g = 0. Let s(m) = t*m + 5 + 2 - m**2 + m. What is s(6)?
-5
Suppose 8 = 2*u, -5*u = -5*g + 10*g - 40. Let t(h) = 9*h - 3. Calculate t(g).
33
Suppose -g - 2*g = j - 6, -4*j - 5*g + 45 = 0. Let o(z) = -2*z**2 + 2*z**2 + j + 6*z**3 - 14 - z. Suppose -2 - 6 = -8*u. Determine o(u).
6
Suppose l + l = 10. Let x(m) be the second derivative of -1/20*m**5 + 5/12*m**4 + 10*m + 3*m**2 - 1/3*m**3 + 0. Calculate x(l).
-4
Suppose -15 = -d - 2*d. Let m(o) = 4*o**2 - 10*o + 3. Let l(f) = 7*f**2 - 18*f + 4. Let z(h) = 3*l(h) - 5*m(h). What is z(d)?
2
Let x be 1152/30*(-20)/(-3). Let o(i) = -i**2 - 3*i + 257 - x + 2*i**2. What is o(4)?
5
Suppose -1 = -3*t + 11. Suppose 5*k - 6 - t = 0. Suppose k = -i - 3. Let j(c) = -c**3 - 4*c**2 + 6*c + 6. Calculate j(i).
1
Let m be (5 + 2)/(3 + -4). Let y(u) = -7*u - 10. Let s(g) = -g. Let i(n) = -6*s(n) + y(n). Determine i(m).
-3
Let d(r) be the first derivative of -r**6/120 + r**5/60 - r**4/24 + 10*r**3/3 + 13*r**2/2 + 2. Let l(n) be the second derivative of d(n). What is l(0)?
20
Suppose -3*p = 6*p - 504. Let o = p - 62. Let h(g) = g**3 + 5*g**2 - 4*g - 4. Calculate h(o).
-16
Let u(k) = 13*k + 2. Let y(t) = -t**2 + 17*t - 62. Let n be y(5). What is u(n)?
-24
Let f(l) = 4*l**3 - 13*l**2 - 2*l - 1. Let v(s) = -3*s**3 + 11*s**2 + s + 1. Let c(k) = 4*f(k) + 5*v(k). Give c(-3).
10
Let d(t) = 3*t**3 - 22*t - 4 - 4*t**3 + 16*t + 7*t**2. Let q = 257 - 251. Give d(q).
-4
Let q(x) be the first derivative of 3/2*x**4 + x - 2 + 0*x**2 + 0*x**3. Suppose -5*c + 5*w = -0*w, -4*w = -3*c + 1. Give q(c).
-5
Let p(x) = x**2 + 11*x + 10. Suppose 415*s = 412*s - 33. Give p(s).
10
Let b(x) be the second derivative of -x**5/20 + 5*x**4/12 + 2*x**3/3 + 3*x**2 + 3*x + 16. Calculate b(6).
-6
Let t be 3/(-6)*0/(-2). Suppose 0 = f - 3 - t. Let d(o) = 4 + 4*o - 4 - f. Determine d(-3).
-15
Let q(p) = 4 - 3*p + 3*p + p. Let o(m) = -m**3 + 33*m**2 - 64*m + 57. Let d be o(31). Give q(d).
-1
Let w(v) be the second derivative of -v**5/20 - v**4/3 + v**2 - 6*v. Let g be 3 - 7*4/4. Give w(g).
2
Let s(p) = 3*p - 7*p + 19*p - 5*p + 12 - 5*p. Give s(-7).
-23
Let u = -12 + 7. Let s = 21 + -7. Let j(p) = 22 - 3*p - 38 + s. What is j(u)?
13
Let t(d) = 2*d + 7. Let j(b) = b + 5. Let o(i) = -8*j(i) + 5*t(i). Determine o(-3).
-11
Suppose 13*h + 9 = 16*h. Let p be 0 + -6 + 2 + -2 + h. Let u(o) = o**3 + 2*o**2. What is u(p)?
-9
Let k(w) = 3*w**3 - 4*w**2. Suppose -4*f + 5*p = 3, 3 = -3*f + 5*f - p. Give k(f).
45
Let x(l) = 3*l - 2*l + 3*l**2 + 8 - 11*l**2 + 3*l**2 + 4*l**2. Determine x(4).
-4
Let s(q) = -2 - 6*q**2 + 0*q - q**2 + 6*q - 4*q - 3*q. What is s(-2)?
-28
Let g(k) = -9*k**2 - 8*k**2 + 16*k**2 + 2*k + 0*k - 2. Give g(2).
-2
Let r(g) = -3*g + 3. Let q(x) = 4*x - 3. Let c be q(2). Suppose 3*l - 12 = 3, c*l = -3*k + 37. Suppose -2 + 1 = o + k*v, -2*v = 5*o - 13. Calculate r(o).
-6
Let o(d) = -11*d**3 + 8*d**2 - 5*d - 14. Let y(i) = 7*i**3 - 5*i**2 + 3*i + 9. Let b(q) = 5*o(q) + 8*y(q). Determine b(-3).
-22
Let f(u) = 26 - 4*u + 18 + 22 - 63. What is f(5)?
-17
Let a(z) = -3*z + 0*z**2 + 8*z + z**2 - 2. Let r = -27 - -31. Let o be -5 + ((-8)/r)/2. Give a(o).
4
Let o(b) = -25*b**2 - 3*b + 2. Let t(p) = -69*p + 415. Let h be t(6). Calculate o(h).
-26
Let o(b) = -b**2 + 5*b + 7. Let f be o(-2). Let r be (-12)/(-21) + 60/f. Let a(v) = v + 3. Determine a(r).
-5
Let l(i) = -i**3 - 3*i**2 - 6. Let j be 34/(-10) + (-18)/30. Calculate l(j).
10
Let p = -32 - -33. Let n be 24/40*5*p*1. Let t(b) = -5*b + 2. Calculate t(n).
-13
Let x(d) be the first derivative of d**6/360 - 7*d**5/120 + 5*d**4/24 + 8*d**3/3 + 14. Let z(o) be the third derivative of x(o). What is z(5)?
-5
Let x(p) = -6*p**3 + 22*p + 12*p**3 - 18*p**2 - 18 - 5*p**3 + 6 - 4*p. Calculate x(17).
5
Let p be (-4)/(-18) - (-174)/(-54). Let z be (p + 22/7)*7. Let g be (6 - 12)*z/2. Let s(i) = i - 1. Determine s(g).
-4
Let p be 6 + 0 - (-2 + 11 + -3). Let j(c) = -2*c - 3. Give j(p).
-3
Let x(p) = -15*p + 15. Let r(q) = -q + 1. Let u(m) = 18*r(m) - x(m). What is u(-2)?
9
Let h(f) = 7*f + 0*f**2 - 8*f + 4*f**2. Let q(l) = l**2 - 3*l + 1. Let r be q(2). Let z be h(r). Let o(d) = d**2 - 4*d - 3. Determine o(z).
2
Let x = -41 + 48. Let l(p) = -p**3 - 5*p**3 + 0*p**3 + 1 + x*p**3 - 3*p**2. Calculate l(2).
-3
Let r(b) = b**2 - 3*b + 1. Let i be r(1). Let u(g) = 3*g**2 - 1. Let p be u(i). Suppose -p*y = -w + 1, y + 0*y + 4 = 4*w. Let o(t) = 5*t**2 - t. Determine o(w).
4
Suppose -3 = 343*c - 346*c. Let d(n) = 7*n**3 + n**2 - 2*n + 1. What is d(c)?
7
Suppose -50 = -6*u + 4. Suppose 5*o = -2*b - u, -3*b - 9 = -3. Let v(a) = 5*a**3. Give v(o).
-5
Let p(y) = -5*y**2 - 10*y - 10. Let b(c) = 4*c**2 + 9*c + 8. Let l(v) = 3*b(v) + 2*p(v). Give l(-4).
8
Let s(w) be the second derivative of w + 7/6*w**3 + w**2 + 1/12*w**4 + 0. Let a(o) = o - 5. Let y be a(-1). Calculate s(y).
-4
Let n(s) = s**3 - 4*s**2 + 5*s - 7. Suppose -30*i + 29*i - 5*w = -20, 3*i - w = 12. What is n(i)?
43
Let l be (4/10)/((-8)/(-20)). Let d = 14 + -12. Let k(n) = 3*n - l - 6*n**2 - 5*n + d*n - n. Give k(-1).
-6
Let v(c) = -11*c + 3. Let l be v(4). Let z = l + 21. Let p = -23 - z. Let m(u) = -u**3 - 3*u**2 - 2*u + 3. Calculate m(p).
9
Let p(b) = b**3 + 14*b**2 - 15*b + 3. Let u be p(-15). Suppose -u*l - l + 4 = 0. Let f(o) = -2*o + 1. Let r(j) = -j. Let z(v) = -f(v) - 4*r(v). Give z(l).
5
Let q(w) = 16*w**2 - w - 30. Let c(d) = 3*d**2 - 6. Let m(s) = 22*c(s) - 4*q(s). Let j(t) = 5*t**2 + 9*t - 23. Let k(p) = -3*j(p) + 7*m(p). What is k(0)?
-15
Let x(f) = 4*f**2 + 28*f + 28. Let l(k) = 3*k**2 + 19*k + 19. Let w(b) = -7*l(b) + 5*x(b). Let z = 433 - 425. Calculate w(z).
-1
Let k(t) = -t + 205 - 105 - 96. What is k(3)?
1
Let b = -481 + 473. Let x(p) = 5 + p**2 + 0*p**2 + 3*p + 6*p. Calculate x(b).
-3
Suppose 0*c = 12*c. Suppose 17 = -3*p - c*t - 5*t, -4*t = -3*p - 8. Let b(r) = r**3 + 5*r**2 + 5*r. Give b(p).
-4
Suppose n = -x - 3, -2*x + 3*x + 3*n - 3 = 0. Let b be 2/(x + 8)*(-4)/(-1). Let z(l) = 4*l - 5. What is z(b)?
11
Let d(c) be the second derivative of -5*c**3/6 - c**2/2 - 12*c - 3. Calculate d(-4).
19
Let b(y) = -4*y - 33. Let i be b(-10). Let t(x) = 0*x + 4*x - 4*x - 1 + i*x. Calculate t(-1).
-8
Let a(m) = m**2 + 2*m + 1. Let j be a(-2). Let t(b) = -b**3 + b**2 + b. Let l(p) = -7*p**3 - 2*p**2 - 2*p. Let v(w) = -l(w) - 2*t(w). Calculate v(j).
9
Suppose 0 = 5*v + 7 + 3, 2 = 3*i - v. Let q(f) = -2*f**2 + 6. Determine q(i).
6
Let b = 494 - 491. Let f(w) be the third derivative of 0 + 1/3*w**3 - 1/12*w**5 - 1/120*w**6 + 1/3*w**4 + 0*w - b*w**2. What is f(-6)?
-10
Let h = -884 - -906. Let t(c) = c - 25. Determine t(h).
-3
Let f be (-4 + 6 - 4) + 7. Let o(y) = f*y**3 - y**2 - 8*y**3 + 2*y**3 + 14. What is o(0)?
14
Let u(h) = 11*h**2 - 11*h**2 - 2 - 10*h**2 - 3*h. Calculate u(-1).
-9
Let w(j) be the second derivative of -7*j**4/12 + j**3/6 - j**2/2 - 6*j - 3. What is w(2)?
-27
Let g(b) be the second derivative of b**5/120 - b**3/2 + 10*b. Let n(f) be the second derivative of g(f). What is n(-5)?
-5
Let x(g) = g**3 - 8*g**2 + 9*g - 4. Suppose 100 = -53*t + 365. Give x(t).
-34
Let w(f) = -7*f**2 - 9*f - 8. Let l(u) = 2*u**2 + u + 1. Let g(y) = 3*l(y) + w(y). What is g(-5)?
0
Let i(d) be the third derivative of -d**5/60 - 3*d**4/8 - 3*d**3/2 + 36*d**2. Let g be -10*(2/25)/((-6)/(-60)). What is i(g)?
-1
Let o = 8 - 59. Let u = -60 - o. Let d(b) = -b**2 - 7*b + 8. Determine d(u).
-10
Let k(u) 